{"id":16,"date":"2018-02-18T16:30:12","date_gmt":"2018-02-18T16:30:12","guid":{"rendered":"http:\/\/klavierlehrerfortbildung.de\/?page_id=16"},"modified":"2018-02-18T16:31:44","modified_gmt":"2018-02-18T16:31:44","slug":"seminar-inhalte","status":"publish","type":"page","link":"https:\/\/klavierlehrerfortbildung.de\/?page_id=16","title":{"rendered":"Seminar-Inhalte"},"content":{"rendered":"<h5 style=\"text-align: center;\"><strong>Kreatives Spielen und Lernen im Klavierunterricht <\/strong><\/h5>\n<h5 style=\"text-align: center;\"><strong>Ein Fortbildungsseminar mit praktischen Beispielen am Instrument und\u00a0\u00a0\u00a0 vergleichenden Studien\u00a0verschiedener Klavierschulen ab 1970\u00a0<\/strong><\/h5>\n<p>Die Anwendung kreativer Strategien in der Vermittlung musikalischer und klaviermethodischer Inhalte bildet das zentrale Thema dieses Fortbildungsseminars und die Grundlage f\u00fcr ein individuelles Eingehen und F\u00f6rdern von Musikalit\u00e4t und instrumentaltechnischen F\u00e4higkeiten des Sch\u00fclers.<\/p>\n<h5><em>\u00a0 Das Seminar wurde von Sabine Sch\u00e4fer speziell f\u00fcr den kreativen Umgang mit Unterrichtsmaterial entwickelt.<\/em><\/h5>\n<p>Wir spielen und stellen Ihnen exemplarisch die Grundprinzipien einzelner Spielst\u00fccke und Aufgabenstellungen aus verschiedenen Klavierschulen vor und zeigen Ihnen, wie man daraus m\u00f6gliche Spiel-Variationen ableiten kann,<\/p>\n<ul>\n<li>um spieltechnische \u00dcbungen mit der Spielfreude des Sch\u00fclers zu verbinden,<\/li>\n<li>um f\u00fcr den jeweiligen Klaviersch\u00fcler immer das &#8222;richtig&#8220; angepasste Unterrichtsmaterial zu haben,<\/li>\n<li>um die eigene Freude am Unterrichten noch einmal anders zu entdecken,<\/li>\n<li>und vielleicht auch f\u00fcr das eigene Klavierspiel &#8222;neue Seiten&#8220;\u00a0 und Qualit\u00e4ten zu entfalten.<\/li>\n<\/ul>\n<p>Die Teilnehmer erhalten durch diese vielseitig praxisorientierten Anregungen ein reiches Ideen-Reservoir, um eigene, individuell dem Sch\u00fcler angepasste Aufgabenstellungen auf einfache Weise selbst zu entwerfen.<\/p>\n<h5><em>Entfalten und erweitern Sie Ihre kreativen Potentiale f\u00fcr eine individuelle Klaviermethodik im Anf\u00e4ngerunterricht <\/em><\/h5>\n<p>Speziell f\u00fcr den Anf\u00e4ngerunterricht werden wir Ihnen eine Palette von Spiel-Ideen aufzeigen und am Instrument vorspielen. Diese kreative Arbeit beim Unterrichten bietet dem Klavierlehrer die Chance einer lebendigen Gestaltung des Unterrichts und wirkt sich positiv auf die kreativen Potentiale des Lehrenden aus, der seinen Unterrichtsstil dadurch weiter differenzieren kann.<\/p>\n<p>Lassen Sie sich \u00fcberraschen, wie viele der im Seminar aufgezeigten Aspekte Sie f\u00fcr Ihren eigenen Unterricht anpassen und integrieren k\u00f6nnen!<\/p>\n<h5><em>\u00a0Die vermittelten Unterrichtsinhalte sind f\u00fcr jeden Klavierlehrer\/jede Klavierlehrerin, unabh\u00e4ngig von seinem\/ihrem Methodik-Stil, einsetzbar.<\/em><\/h5>\n","protected":false},"excerpt":{"rendered":"<p>Kreatives Spielen und Lernen im Klavierunterricht Ein Fortbildungsseminar mit praktischen Beispielen am Instrument und\u00a0\u00a0\u00a0 vergleichenden Studien\u00a0verschiedener Klavierschulen ab 1970\u00a0 Die Anwendung kreativer Strategien in der Vermittlung musikalischer&hellip; <span class=\"read-more\"><a class=\"more-link\" href=\"https:\/\/klavierlehrerfortbildung.de\/?page_id=16\" rel=\"bookmark\"><span class=\"screen-reader-text\">&#8222;Seminar-Inhalte&#8220;<\/span> weiterlesen<\/a><\/span><\/p>\n","protected":false},"author":1,"featured_media":0,"parent":0,"menu_order":0,"comment_status":"closed","ping_status":"closed","template":"","meta":{"footnotes":""},"class_list":["post-16","page","type-page","status-publish","hentry"],"jetpack_sharing_enabled":true,"_links":{"self":[{"href":"https:\/\/klavierlehrerfortbildung.de\/index.php?rest_route=\/wp\/v2\/pages\/16","targetHints":{"allow":["GET"]}}],"collection":[{"href":"https:\/\/klavierlehrerfortbildung.de\/index.php?rest_route=\/wp\/v2\/pages"}],"about":[{"href":"https:\/\/klavierlehrerfortbildung.de\/index.php?rest_route=\/wp\/v2\/types\/page"}],"author":[{"embeddable":true,"href":"https:\/\/klavierlehrerfortbildung.de\/index.php?rest_route=\/wp\/v2\/users\/1"}],"replies":[{"embeddable":true,"href":"https:\/\/klavierlehrerfortbildung.de\/index.php?rest_route=%2Fwp%2Fv2%2Fcomments&post=16"}],"version-history":[{"count":4,"href":"https:\/\/klavierlehrerfortbildung.de\/index.php?rest_route=\/wp\/v2\/pages\/16\/revisions"}],"predecessor-version":[{"id":18,"href":"https:\/\/klavierlehrerfortbildung.de\/index.php?rest_route=\/wp\/v2\/pages\/16\/revisions\/18"}],"wp:attachment":[{"href":"https:\/\/klavierlehrerfortbildung.de\/index.php?rest_route=%2Fwp%2Fv2%2Fmedia&parent=16"}],"curies":[{"name":"wp","href":"https:\/\/api.w.org\/{rel}","templated":true}]}}