{"id":30,"date":"2018-02-18T16:38:25","date_gmt":"2018-02-18T16:38:25","guid":{"rendered":"http:\/\/klavierlehrerfortbildung.de\/?page_id=30"},"modified":"2018-02-18T16:39:49","modified_gmt":"2018-02-18T16:39:49","slug":"wir-ueber-uns","status":"publish","type":"page","link":"https:\/\/klavierlehrerfortbildung.de\/?page_id=30","title":{"rendered":"Wir \u00fcber uns"},"content":{"rendered":"<h4 style=\"text-align: center;\">Das Team des Studio PRO KREATIV<\/h4>\n<h4 style=\"text-align: center;\">SABINE SCH\u00c4FER<\/h4>\n<p>hat das Studio PRO KREATIV begr\u00fcndet. Sie ist seit 1989 Dozentin an der Staatlichen Hochschule f\u00fcr Musik Karlsruhe im Fachbereich Musikp\u00e4dagogik \/ Klaviermethodik und unterrichtet die F\u00e4cher \u201eEinf\u00fchrung in neue Klavierschulen mit praktischen \u00dcbungen\u201c sowie \u201eP\u00e4dagogisch-orientiertes Kreativit\u00e4tstraining\u201c. Von 2013-2015 war sie Gastdozentin an der Internationalen Akademie f\u00fcr Musikalische Bildung in Karlsruhe.<\/p>\n<p>Weitere Informationen zur Person finden Sie auf der Unterseite &#8222;Sabine Sch\u00e4fer&#8220;. Informationen zu den Fortbildungsseminaren finden Sie auf den Men\u00fc-Seiten &#8222;Seminar-Inhalte&#8220; und &#8222;Intentionen&#8220;.<\/p>\n<h4 style=\"text-align: center;\">Ursula Euteneuer-Rohrer<\/h4>\n<p>Die Komponistin und Klavierp\u00e4dagogin Ursula Euteneuer-Rohrer bietet Einzelunterricht f\u00fcr Klavierp\u00e4dagogen und Laien aller Altersgruppen und instrumentalen F\u00e4higkeiten. Mit ihrer 20-j\u00e4hrigen Unterrichtserfahrung als Lehrerin am Badischen Konservatorium Karlsruhe und ihrer professionellen Ausbildung als Komponistin und P\u00e4dagogin erhalten Sie einen kompetenten, kreativen und individuell abgestimmten Unterricht.<\/p>\n<p>Weitere Informationen zur Person finden Sie auf der Unterseite &#8222;U. Euteneuer-Rohrer&#8220;. Informationen zum Unterrichtsangebot finden Sie auf der Men\u00fc-Seite &#8222;Termine\/Unterricht&#8220;.<\/p>\n<h4 style=\"text-align: center;\">Sangmi Choi<\/h4>\n<p>Die Pianistin und Klavierp\u00e4dagogin Sangmi Choi assistiert bei den Fortbildungsseminaren des Studio PRO KREATIV.<\/p>\n<p>Weitere Informationen zur Person finden Sie auf der Unterseite &#8222;Sangmi Choi&#8220;.<\/p>\n","protected":false},"excerpt":{"rendered":"<p>Das Team des Studio PRO KREATIV SABINE SCH\u00c4FER hat das Studio PRO KREATIV begr\u00fcndet. Sie ist seit 1989 Dozentin an der Staatlichen Hochschule f\u00fcr Musik Karlsruhe im&hellip; <span class=\"read-more\"><a class=\"more-link\" href=\"https:\/\/klavierlehrerfortbildung.de\/?page_id=30\" rel=\"bookmark\"><span class=\"screen-reader-text\">&#8222;Wir \u00fcber uns&#8220;<\/span> weiterlesen<\/a><\/span><\/p>\n","protected":false},"author":1,"featured_media":0,"parent":0,"menu_order":0,"comment_status":"closed","ping_status":"closed","template":"","meta":{"footnotes":""},"class_list":["post-30","page","type-page","status-publish","hentry"],"jetpack_sharing_enabled":true,"_links":{"self":[{"href":"https:\/\/klavierlehrerfortbildung.de\/index.php?rest_route=\/wp\/v2\/pages\/30","targetHints":{"allow":["GET"]}}],"collection":[{"href":"https:\/\/klavierlehrerfortbildung.de\/index.php?rest_route=\/wp\/v2\/pages"}],"about":[{"href":"https:\/\/klavierlehrerfortbildung.de\/index.php?rest_route=\/wp\/v2\/types\/page"}],"author":[{"embeddable":true,"href":"https:\/\/klavierlehrerfortbildung.de\/index.php?rest_route=\/wp\/v2\/users\/1"}],"replies":[{"embeddable":true,"href":"https:\/\/klavierlehrerfortbildung.de\/index.php?rest_route=%2Fwp%2Fv2%2Fcomments&post=30"}],"version-history":[{"count":2,"href":"https:\/\/klavierlehrerfortbildung.de\/index.php?rest_route=\/wp\/v2\/pages\/30\/revisions"}],"predecessor-version":[{"id":32,"href":"https:\/\/klavierlehrerfortbildung.de\/index.php?rest_route=\/wp\/v2\/pages\/30\/revisions\/32"}],"wp:attachment":[{"href":"https:\/\/klavierlehrerfortbildung.de\/index.php?rest_route=%2Fwp%2Fv2%2Fmedia&parent=30"}],"curies":[{"name":"wp","href":"https:\/\/api.w.org\/{rel}","templated":true}]}}