{"id":34,"date":"2018-02-18T16:43:50","date_gmt":"2018-02-18T16:43:50","guid":{"rendered":"http:\/\/klavierlehrerfortbildung.de\/?page_id=34"},"modified":"2022-03-27T15:37:40","modified_gmt":"2022-03-27T15:37:40","slug":"sabine-schaefer","status":"publish","type":"page","link":"https:\/\/klavierlehrerfortbildung.de\/?page_id=34","title":{"rendered":"Sabine Sch\u00e4fer"},"content":{"rendered":"<p>geb. 1957 in Karlsruhe. Klavier- und Kompositionsstudium an der Staatlichen Hochschule f\u00fcr Musik Karlsruhe (Klavier bei G\u00fcnter Reinhold \/ Diplom 1986, Komposition bei Mathias Spahlinger und Wolfgang Rihm \/ Konzertexamen 1992).<\/p>\n<p>K\u00fcnstlerisch-improvisatorische Arbeit als Composer-Performer: 1982-1990 interdisziplin\u00e4re Projekte mit der Malerin und Performancek\u00fcnstlerin Sibylle Wagner &#8211; 1983 Gr\u00fcndung der Performance-Musik-Gruppe &#8222;Kpachodapck&#8220; mit dem bildenden K\u00fcnstler Ralf de Moll &#8211; 1984 Gr\u00fcndung der poly-medialen Gruppe &#8222;Panta Rhei&#8220; gemeinsam mit dem Komponisten und Violinisten Helmut Bieler-Wendt (INMM Darmstadt) \u2013 1987\/88 &#8222;Uludag&#8220; Art-Rock-Projekt mit dem Musiker und Klangk\u00fcnstler Werner Cee (b) und dem Schlagzeuger Peter Hollinger (dr).<\/p>\n<p>Seit 1989 Dozentin an der Staatlichen Hochschule f\u00fcr Musik Karlsruhe f\u00fcr Improvisation im Klavierunterricht, Einf\u00fchrung in neue Klavierschulen und p\u00e4dagogisch-orientiertes Kreativit\u00e4tstraining (seit 2012). <a href=\"https:\/\/www.hfm-karlsruhe.de\/hochschule\/personen\/sabine-schaefer\" target=\"_blank\" rel=\"noopener\">https:\/\/www.hfm.eu\/hochschule\/personen\/sabine-schaefer<\/a><\/p>\n<p>2013 Begr\u00fcndung des Fortbildungsstudios PRO KREATIV, seit 2013 Fortbildungskurse f\u00fcr Klavierp\u00e4dagog*innen freischaffend und an Musikschulen. <a href=\"http:\/\/www.klavierlehrerfortbildung.de\" target=\"_blank\" rel=\"noopener\">www.klavierlehrerfortbildung.de<\/a><\/p>\n<p>Seit 1990 k\u00fcnstlerische Arbeit auf dem Gebiet der\u00a0konzertanten und installativen Raumklangkunst mit internationalen Auff\u00fchrungen und Ausstellungen (Studio \u201eTopoPhonien\u201c und Atelier &lt;SA\/JO&gt;).<\/p>\n<p>Mehr Informationen zur k\u00fcnstlerischen T\u00e4tigkeit von Sabine Sch\u00e4fer auf <a href=\"http:\/\/de.wikipedia.org\/wiki\/Sabine_Sch\u00e4fer\">Wikipedia<\/a><\/p>\n<figure id=\"attachment_7\" aria-describedby=\"caption-attachment-7\" style=\"width: 400px\" class=\"wp-caption alignnone\"><img loading=\"lazy\" decoding=\"async\" class=\"size-full wp-image-7\" src=\"http:\/\/klavierlehrerfortbildung.de\/wp-content\/uploads\/2018\/02\/big_33875987_0_400-300.png\" alt=\"Sabine Sch\u00e4fer\" width=\"400\" height=\"300\" srcset=\"https:\/\/klavierlehrerfortbildung.de\/wp-content\/uploads\/2018\/02\/big_33875987_0_400-300.png 400w, https:\/\/klavierlehrerfortbildung.de\/wp-content\/uploads\/2018\/02\/big_33875987_0_400-300-300x225.png 300w, https:\/\/klavierlehrerfortbildung.de\/wp-content\/uploads\/2018\/02\/big_33875987_0_400-300-267x200.png 267w\" sizes=\"auto, (max-width: 400px) 100vw, 400px\" \/><figcaption id=\"caption-attachment-7\" class=\"wp-caption-text\">Sabine Sch\u00e4fer<\/figcaption><\/figure>\n","protected":false},"excerpt":{"rendered":"<p>geb. 1957 in Karlsruhe. Klavier- und Kompositionsstudium an der Staatlichen Hochschule f\u00fcr Musik Karlsruhe (Klavier bei G\u00fcnter Reinhold \/ Diplom 1986, Komposition bei Mathias Spahlinger und Wolfgang&hellip; <span class=\"read-more\"><a class=\"more-link\" href=\"https:\/\/klavierlehrerfortbildung.de\/?page_id=34\" rel=\"bookmark\"><span class=\"screen-reader-text\">&#8222;Sabine Sch\u00e4fer&#8220;<\/span> weiterlesen<\/a><\/span><\/p>\n","protected":false},"author":1,"featured_media":0,"parent":0,"menu_order":0,"comment_status":"closed","ping_status":"closed","template":"","meta":{"footnotes":""},"class_list":["post-34","page","type-page","status-publish","hentry"],"jetpack_sharing_enabled":true,"_links":{"self":[{"href":"https:\/\/klavierlehrerfortbildung.de\/index.php?rest_route=\/wp\/v2\/pages\/34","targetHints":{"allow":["GET"]}}],"collection":[{"href":"https:\/\/klavierlehrerfortbildung.de\/index.php?rest_route=\/wp\/v2\/pages"}],"about":[{"href":"https:\/\/klavierlehrerfortbildung.de\/index.php?rest_route=\/wp\/v2\/types\/page"}],"author":[{"embeddable":true,"href":"https:\/\/klavierlehrerfortbildung.de\/index.php?rest_route=\/wp\/v2\/users\/1"}],"replies":[{"embeddable":true,"href":"https:\/\/klavierlehrerfortbildung.de\/index.php?rest_route=%2Fwp%2Fv2%2Fcomments&post=34"}],"version-history":[{"count":6,"href":"https:\/\/klavierlehrerfortbildung.de\/index.php?rest_route=\/wp\/v2\/pages\/34\/revisions"}],"predecessor-version":[{"id":252,"href":"https:\/\/klavierlehrerfortbildung.de\/index.php?rest_route=\/wp\/v2\/pages\/34\/revisions\/252"}],"wp:attachment":[{"href":"https:\/\/klavierlehrerfortbildung.de\/index.php?rest_route=%2Fwp%2Fv2%2Fmedia&parent=34"}],"curies":[{"name":"wp","href":"https:\/\/api.w.org\/{rel}","templated":true}]}}